nd 854?
14
What is the highest common divisor of 32 and 19504?
16
Calculate the highest common factor of 10550 and 50.
50
Calculate the greatest common factor of 16401 and 22.
11
What is the highest common factor of 144 and 150?
6
Calculate the highest common factor of 7 and 56.
7
What is the highest common factor of 368 and 23?
23
Calculate the highest common factor of 22 and 11.
11
Calculate the greatest common divisor of 28 and 61698.
14
Calculate the highest common divisor of 1105 and 2635.
85
What is the greatest common divisor of 36 and 495?
9
What is the highest common divisor of 1008 and 378?
126
Calculate the highest common factor of 6888 and 56.
56
What is the highest common factor of 1400 and 300?
100
What is the highest common factor of 2420 and 2?
2
Calculate the greatest common factor of 122 and 1403.
61
Calculate the highest common factor of 4928 and 77.
77
Calculate the greatest common divisor of 510 and 30.
30
Calculate the greatest common divisor of 4 and 698.
2
What is the highest common factor of 96 and 3?
3
What is the highest common factor of 184 and 17756?
92
What is the greatest common factor of 489 and 12877?
163
What is the highest common factor of 175 and 2400?
25
Calculate the highest common factor of 224 and 40.
8
What is the highest common divisor of 429 and 13?
13
What is the highest common factor of 54 and 6?
6
Calculate the greatest common factor of 141 and 6.
3
What is the highest common factor of 141 and 1927?
47
What is the highest common factor of 560 and 9940?
140
Calculate the highest common divisor of 11 and 407.
11
Calculate the highest common divisor of 76 and 59964.
76
Calculate the highest common factor of 264 and 2.
2
Calculate the highest common divisor of 25 and 340.
5
Calculate the highest common divisor of 43 and 6020.
43
Calculate the highest common factor of 5 and 25.
5
What is the greatest common divisor of 38 and 2014?
38
What is the highest common divisor of 136 and 85?
17
What is the greatest common factor of 1292 and 51?
17
What is the highest common divisor of 218 and 2?
2
Calculate the highest common factor of 28833 and 21.
21
What is the highest common divisor of 34 and 493?
17
Calculate the greatest common divisor of 18 and 228.
6
What is the highest common factor of 7 and 1043?
7
Calculate the highest common factor of 612 and 72.
36
Calculate the highest common factor of 540 and 108.
108
Calculate the highest common factor of 237 and 1.
1
What is the greatest common divisor of 295 and 135?
5
Calculate the greatest common factor of 8 and 724.
4
Calculate the highest common divisor of 16 and 8.
8
What is the highest common divisor of 1168 and 16?
16
What is the highest common factor of 121 and 1111?
11
What is the highest common factor of 8 and 2744?
8
What is the highest common factor of 20 and 320?
20
Calculate the highest common factor of 40 and 1285.
5
Calculate the highest common divisor of 168 and 5208.
168
What is the greatest common divisor of 210 and 3750?
30
Calculate the highest common divisor of 310 and 682.
62
Calculate the highest common factor of 550 and 3190.
110
What is the highest common divisor of 2235 and 45?
15
What is the highest common factor of 151 and 755?
151
What is the greatest common divisor of 3075 and 123?
123
What is the highest common factor of 145 and 29?
29
Calculate the greatest common divisor of 60 and 9330.
30
What is the greatest common factor of 19160 and 10?
10
Calculate the greatest common factor of 160 and 24160.
160
Calculate the greatest common divisor of 122 and 2806.
122
Calculate the greatest common divisor of 155 and 5735.
155
Calculate the greatest common factor of 17 and 952.
17
Calculate the highest common factor of 5183 and 213.
71
What is the highest common factor of 455 and 35?
35
What is the greatest common divisor of 17690 and 61?
61
Calculate the greatest common factor of 297 and 649.
11
What is the greatest common divisor of 2 and 3232?
2
What is the greatest common factor of 10 and 15?
5
Calculate the highest common divisor of 3150 and 14.
14
What is the greatest common factor of 540 and 120?
60
What is the greatest common factor of 17 and 17?
17
Calculate the highest common divisor of 176 and 22.
22
What is the highest common factor of 272 and 1598?
34
Calculate the highest common divisor of 174 and 10991.
29
What is the greatest common divisor of 65 and 35?
5
What is the highest common divisor of 15 and 375?
15
What is the greatest common divisor of 81 and 9?
9
Calculate the highest common divisor of 1050 and 231.
21
What is the greatest common divisor of 267 and 6?
3
Calculate the highest common divisor of 767 and 52.
13
Calculate the greatest common factor of 165 and 915.
15
What is the highest common divisor of 64 and 98?
2
What is the highest common divisor of 136 and 102?
34
What is the greatest common factor of 22168 and 408?
136
What is the greatest common factor of 297 and 2805?
33
What is the greatest common divisor of 23 and 5?
1
What is the highest common factor of 232 and 29?
29
Calculate the highest common divisor of 46 and 8.
2
Calculate the greatest common factor of 40 and 580.
20
What is the greatest common divisor of 369 and 41?
41
What is the highest common factor of 14420 and 56?
28
Calculate the highest common factor of 416 and 182.
26
Calculate the greatest common divisor of 175 and 49.
7
Calculate the highest common divisor of 12 and 678.
6
Calculate the highest common factor of 2961 and 126.
63
What is the greatest common factor of 6 and 222?
6
Calculate the highest common divisor of 105 and 435.
15
What is the greatest common divisor of 31 and 1984?
31
What is the highest common factor of 64 and 176?
16
What is the highest common divisor of 260 and 180?
20
What is the highest common divisor of 684 and 5301?
171
Calculate the greatest common divisor of 20 and 385.
5
Calculate the highest common divisor of 6 and 5538.
6
What is the greatest common factor of 143 and 737?
11
What is the greatest common factor of 1357 and 23?
23
Calculate the greatest common factor of 6 and 3.
3
What is the greatest common divisor of 3168 and 432?
144
Calculate the highest common divisor of 32 and 3872.
32
What is the greatest common factor of 663 and 153?
51
Calculate the greatest common divisor of 105 and 84.
21
Calculate the highest common divisor of 756 and 14.
14
Calculate the greatest common divisor of 56 and 2548.
28
What is the greatest common divisor of 203 and 232?
29
What is the greatest common factor of 423 and 9?
9
What is the highest common factor of 5 and 445?
5
What is the greatest common divisor of 533 and 492?
41
Calculate the highest common divisor of 485 and 1843.
97
What is the greatest common divisor of 4 and 29996?
4
What is the greatest common divisor of 891 and 341?
11
Calculate the highest common divisor of 29 and 29.
29
Calculate the greatest common divisor of 36 and 20.
4
Calculate the highest common factor of 208 and 416.
208
What is the highest common divisor of 9 and 963?
9
Calculate the highest common factor of 12 and 63768.
12
Calculate the highest common factor of 4512 and 512.
32
Calculate the greatest common divisor of 72 and 9.
9
Calculate the greatest common divisor of 36 and 612.
36
What is the highest common factor of 4828 and 102?
34
Calculate the highest common divisor of 689 and 13.
13
What is the greatest common factor of 1188 and 88?
44
What is the highest common divisor of 192 and 48?
48
Calculate the greatest common divisor of 14 and 40.
2
Calculate the highest common divisor of 4 and 5884.
4
Calculate the greatest common divisor of 22 and 11.
11
What is the highest common divisor of 216 and 40?
8
What is the greatest common factor of 266 and 38?
38
What is the greatest common divisor of 21 and 14259?
21
What is the highest common divisor of 32154 and 92?
46
Calculate the greatest common factor of 22 and 1441.
11
What is the greatest common divisor of 20 and 484?
4
Calculate the highest common divisor of 75 and 615.
15
What is the greatest common factor of 2125 and 68?
17
Calculate the highest common divisor of 16986 and 18.
6
Calculate the greatest common factor of 9 and 603.
9
What is the highest common divisor of 9 and 33?
3
Calculate the highest common factor of 56 an